 the greatest common divisor of 72 and 1908.
36
What is the highest common factor of 63 and 63?
63
What is the greatest common divisor of 11 and 517?
11
Calculate the highest common divisor of 420 and 700.
140
Calculate the highest common factor of 140 and 3180.
20
What is the highest common divisor of 120 and 2780?
20
Calculate the highest common divisor of 374 and 396.
22
Calculate the highest common factor of 2795 and 65.
65
What is the greatest common divisor of 2650 and 50?
50
What is the highest common divisor of 45 and 2880?
45
Calculate the highest common factor of 171 and 18.
9
Calculate the highest common divisor of 18 and 81.
9
Calculate the highest common factor of 32 and 2864.
16
Calculate the greatest common factor of 132 and 627.
33
What is the greatest common factor of 287 and 164?
41
Calculate the highest common factor of 24 and 336.
24
What is the highest common factor of 234 and 27?
9
Calculate the highest common divisor of 24503 and 229.
229
Calculate the highest common factor of 441 and 468.
9
Calculate the greatest common factor of 220 and 240.
20
What is the greatest common factor of 32 and 208?
16
What is the greatest common divisor of 403 and 364?
13
Calculate the highest common divisor of 91 and 1027.
13
Calculate the highest common divisor of 84 and 651.
21
What is the highest common divisor of 1075 and 688?
43
What is the greatest common factor of 3 and 2031?
3
What is the highest common factor of 30 and 45?
15
What is the greatest common divisor of 4936 and 32?
8
What is the highest common divisor of 2751 and 84?
21
What is the greatest common factor of 70 and 9730?
70
Calculate the greatest common divisor of 217 and 341.
31
What is the highest common factor of 90 and 330?
30
Calculate the greatest common divisor of 59 and 1062.
59
What is the greatest common factor of 1315 and 10?
5
What is the highest common divisor of 860 and 20?
20
Calculate the highest common factor of 35 and 6685.
35
Calculate the greatest common factor of 60 and 5.
5
What is the greatest common factor of 950 and 850?
50
What is the highest common factor of 3528 and 720?
72
Calculate the greatest common factor of 7520 and 160.
160
What is the highest common factor of 48 and 15248?
16
Calculate the greatest common factor of 2690 and 20.
10
Calculate the highest common divisor of 66 and 1.
1
Calculate the greatest common divisor of 20 and 6.
2
Calculate the greatest common factor of 140 and 756.
28
What is the highest common factor of 10582 and 592?
74
What is the greatest common divisor of 31 and 155?
31
What is the highest common factor of 5488 and 294?
98
What is the greatest common divisor of 120 and 30?
30
Calculate the highest common factor of 72 and 9.
9
Calculate the highest common factor of 3 and 153.
3
Calculate the highest common factor of 315 and 235.
5
What is the highest common divisor of 3570 and 420?
210
What is the greatest common divisor of 38 and 34?
2
What is the highest common factor of 324 and 12?
12
What is the greatest common factor of 42755 and 85?
85
Calculate the greatest common factor of 18 and 36.
18
Calculate the highest common divisor of 1350 and 300.
150
What is the greatest common factor of 1275 and 2295?
255
Calculate the greatest common factor of 208 and 256.
16
Calculate the highest common factor of 4044 and 312.
12
Calculate the greatest common divisor of 148 and 5106.
74
Calculate the greatest common divisor of 198 and 72.
18
Calculate the greatest common divisor of 95 and 380.
95
Calculate the highest common factor of 352 and 544.
32
Calculate the highest common factor of 1173 and 1035.
69
Calculate the highest common divisor of 1882 and 2.
2
What is the highest common divisor of 141 and 799?
47
What is the greatest common factor of 495 and 540?
45
What is the highest common divisor of 1919 and 303?
101
Calculate the highest common factor of 933 and 32966.
311
Calculate the greatest common divisor of 16 and 808.
8
Calculate the greatest common factor of 1474 and 134.
134
Calculate the highest common divisor of 460 and 23.
23
Calculate the greatest common factor of 500 and 3100.
100
Calculate the highest common factor of 610 and 270.
10
What is the greatest common factor of 90 and 24?
6
What is the greatest common divisor of 315 and 203?
7
Calculate the greatest common factor of 8652 and 336.
84
Calculate the greatest common divisor of 12 and 3243.
3
Calculate the greatest common divisor of 420 and 2415.
105
What is the greatest common divisor of 161 and 47817?
161
What is the greatest common factor of 3984 and 96?
48
What is the greatest common factor of 168 and 518?
14
Calculate the greatest common factor of 34 and 8.
2
What is the greatest common factor of 144 and 208?
16
What is the highest common factor of 38 and 418?
38
Calculate the highest common factor of 230 and 10.
10
Calculate the highest common factor of 287 and 14.
7
What is the highest common factor of 306 and 6?
6
What is the greatest common factor of 35 and 56?
7
What is the greatest common divisor of 7 and 49?
7
Calculate the highest common factor of 2 and 7036.
2
What is the greatest common divisor of 332 and 4?
4
What is the greatest common divisor of 432 and 48?
48
Calculate the greatest common factor of 2225 and 25.
25
What is the highest common factor of 26 and 78?
26
What is the highest common divisor of 4 and 283?
1
What is the greatest common factor of 5577 and 117?
39
Calculate the greatest common factor of 407 and 2294.
37
Calculate the greatest common divisor of 6715 and 51.
17
What is the highest common divisor of 1541 and 46?
23
What is the highest common factor of 1712 and 64?
16
Calculate the greatest common divisor of 21 and 861.
21
What is the greatest common factor of 13 and 208?
13
Calculate the highest common factor of 54 and 4608.
18
Calculate the greatest common factor of 6 and 9201.
3
What is the highest common factor of 264 and 2244?
132
Calculate the greatest common factor of 42 and 1659.
21
What is the greatest common factor of 6 and 1362?
6
What is the greatest common divisor of 60 and 15?
15
Calculate the highest common divisor of 342 and 3.
3
What is the highest common factor of 23 and 6371?
23
Calculate the greatest common factor of 200 and 205.
5
Calculate the highest common divisor of 14 and 308.
14
Calculate the greatest common divisor of 147 and 27.
3
What is the greatest common divisor of 4048 and 44?
44
What is the greatest common factor of 322 and 7?
7
Calculate the greatest common divisor of 132 and 825.
33
What is the highest common factor of 87 and 12?
3
What is the highest common divisor of 537 and 1253?
179
What is the greatest common factor of 73 and 5183?
73
Calculate the greatest common factor of 512 and 3.
1
Calculate the highest common factor of 53 and 12667.
53
What is the highest common factor of 14 and 8?
2
What is the highest common divisor of 378 and 28?
14
Calculate the greatest common divisor of 60 and 276.
12
What is the greatest common divisor of 7875 and 595?
35
What is the greatest common factor of 8 and 646?
2
What is the highest common factor of 91 and 208?
13
Calculate the highest common factor of 1 and 57.
1
What is the greatest common factor of 810 and 54?
54
What is the highest common divisor of 42 and 70?
14
Calculate the greatest common factor of 58 and 5771.
29
What is the highest common divisor of 60 and 1725?
15
What is the greatest common divisor of 12418 and 14?
14
What is the highest common factor of 28 and 36?
4
Calculate the greatest common divisor of 460 and 276.
92
What is the highest common divisor of 36 and 312?
12
Calculate the highest common factor of 69 and 161.
23
Calculate the highest common factor of 2250 and 50.
50
What is the highest common factor of 7979 and 79?
79
What is the greatest common divisor of 445 and 40?
5
What is the greatest common factor of 60 and 2880?
60
Calculate the greatest common divisor of 1644 and 60.
12
What is the highest common divisor of 1790 and 10?
10
Calculate the greatest common factor of 35 and 350.
35
Calculate the greatest common factor of 30 and 190.
10
Calculate the highest common factor of 451 and 165.
11
Calculate the greatest common divisor of 32 and 12304.
16
What is the greatest common divisor of 28702 and 452